{"id":1828,"date":"2025-07-21T21:21:16","date_gmt":"2025-07-21T19:21:16","guid":{"rendered":"https:\/\/tunastore.se\/?page_id=1828"},"modified":"2025-07-21T21:21:16","modified_gmt":"2025-07-21T19:21:16","slug":"storleksguide","status":"publish","type":"page","link":"https:\/\/tunastore.se\/?page_id=1828","title":{"rendered":"Storleksguide"},"content":{"rendered":"\n<p><strong>Storlekar p\u00e5 kl\u00e4der fr\u00e5n Carhartt<br><\/strong><br>Om du aldrig&nbsp;har&nbsp;best\u00e4llt&nbsp;kl\u00e4der&nbsp;p\u00e5 n\u00e4tet,&nbsp;kan&nbsp;det vara bra att&nbsp;l\u00e4sa detta avsnitt.&nbsp;Kl\u00e4der fr\u00e5n amerikanska&nbsp;Carhartt&nbsp;\u00e4r&nbsp;en aning st\u00f6rre \u00e4n kl\u00e4der som har sitt ursprung i andra l\u00e4nder \u00e4n Nordamerika. Vi har h\u00e4r satt samman&nbsp;n\u00e5gra r\u00e5d&nbsp;som&nbsp;kommer&nbsp;att&nbsp;hj\u00e4lpa&nbsp;dig att avg\u00f6ra&nbsp;r\u00e4tt storlek&nbsp;f\u00f6r&nbsp;dina&nbsp;Carhartt-kl\u00e4der.<\/p>\n\n\n\n<p><strong>Storlekar p\u00e5 jackor, tr\u00f6jor, t-shirts och skjortor<\/strong><\/p>\n\n\n\n<p>Till att b\u00f6rja med&nbsp;b\u00f6r du anv\u00e4nda&nbsp;ett&nbsp;m\u00e5ttband&nbsp;och&nbsp;m\u00e4ta&nbsp;omkretsen&nbsp;p\u00e5&nbsp;ditt&nbsp;br\u00f6st.&nbsp;Se till att&nbsp;g\u00e5&nbsp;under&nbsp;armarna&nbsp;och&nbsp;inte \u00f6ver&nbsp;dem om&nbsp;du&nbsp;vill f\u00e5 ett korrekt m\u00e5tt.&nbsp;N\u00e4r du&nbsp;har detta m\u00e5tt,&nbsp;kommer&nbsp;du&nbsp;att&nbsp;kunna&nbsp;best\u00e4mma&nbsp;r\u00e4tt&nbsp;storlek.&nbsp;Med en br\u00f6stvidd p\u00e5 86 cm,&nbsp;\u00e4r den&nbsp;b\u00e4sta&nbsp;storleken&nbsp;&#8221;Small&#8221;.&nbsp;Med en br\u00f6stvidd p\u00e5 110 cm b\u00f6r du v\u00e4lja en &#8221;Large&#8221;.&nbsp;<\/p>\n\n\n\n<p><strong>Storlekar p\u00e5 byxor<\/strong><\/p>\n\n\n\n<p>M\u00e5nga&nbsp;k\u00e4nner redan&nbsp;till&nbsp;sin&nbsp;storlek&nbsp;p\u00e5&nbsp;t.ex.&nbsp;jeansen&nbsp;de&nbsp;b\u00e4r&nbsp;men h\u00e4r f\u00f6ljer&nbsp;en&nbsp;snabbkurs&nbsp;hur man m\u00e4ter sin storlek p\u00e5 byxor.&nbsp;Byxor&nbsp;s\u00e4ljs&nbsp;i&nbsp;storlekar som baseras p\u00e5&nbsp;grenl\u00e4ngden&nbsp;(den inre delen&nbsp;av&nbsp;benet&nbsp;fr\u00e5n&nbsp;fotleden&nbsp;till&nbsp;grenen. P\u00e5 engelska:&nbsp;<strong>Inseam<\/strong><em>.<\/em>)&nbsp;och&nbsp;omkretsen&nbsp;p\u00e5&nbsp;midjan (P\u00e5 engelska:&nbsp;<strong>Waist<\/strong><em>.<\/em>).&nbsp;Till exempel:&nbsp;ett par&nbsp;byxor&nbsp;som \u00e4r&nbsp;34 x&nbsp;32&nbsp;inneb\u00e4r&nbsp;att de&nbsp;passar&nbsp;en person&nbsp;med en&nbsp;midja&nbsp;p\u00e5&nbsp;34&nbsp;tum (86 cm)&nbsp;och&nbsp;en&nbsp;grenl\u00e4ngd&nbsp;av&nbsp;32&nbsp;tum (81 cm).&nbsp;<\/p>\n\n\n\n<p>Nedan f\u00f6ljer en storleksguide. Om ni har fr\u00e5gor om storlekar kontakta: info@tunastore.se<\/p>\n\n\n\n<p><strong>Storleksguide herrar<\/strong><\/p>\n\n\n<div class=\"wp-block-image\">\n<figure class=\"aligncenter size-large\"><img loading=\"lazy\" decoding=\"async\" width=\"721\" height=\"1024\" src=\"https:\/\/tunastore.se\/wp-content\/uploads\/2025\/07\/image-1-721x1024.png\" alt=\"\" class=\"wp-image-1830\" srcset=\"https:\/\/tunastore.se\/wp-content\/uploads\/2025\/07\/image-1-721x1024.png 721w, https:\/\/tunastore.se\/wp-content\/uploads\/2025\/07\/image-1-416x591.png 416w, https:\/\/tunastore.se\/wp-content\/uploads\/2025\/07\/image-1-211x300.png 211w, https:\/\/tunastore.se\/wp-content\/uploads\/2025\/07\/image-1-768x1091.png 768w, https:\/\/tunastore.se\/wp-content\/uploads\/2025\/07\/image-1.png 800w\" sizes=\"auto, (max-width: 721px) 100vw, 721px\" \/><\/figure>\n<\/div>\n\n<div class=\"wp-block-image\">\n<figure class=\"aligncenter size-large\"><img loading=\"lazy\" decoding=\"async\" width=\"721\" height=\"1024\" src=\"https:\/\/tunastore.se\/wp-content\/uploads\/2025\/07\/image-3-721x1024.png\" alt=\"\" class=\"wp-image-1832\" srcset=\"https:\/\/tunastore.se\/wp-content\/uploads\/2025\/07\/image-3-721x1024.png 721w, https:\/\/tunastore.se\/wp-content\/uploads\/2025\/07\/image-3-416x591.png 416w, https:\/\/tunastore.se\/wp-content\/uploads\/2025\/07\/image-3-211x300.png 211w, https:\/\/tunastore.se\/wp-content\/uploads\/2025\/07\/image-3-768x1091.png 768w, https:\/\/tunastore.se\/wp-content\/uploads\/2025\/07\/image-3.png 800w\" sizes=\"auto, (max-width: 721px) 100vw, 721px\" \/><\/figure>\n<\/div>\n\n\n<p><strong>Storleksguide f\u00f6r damer<\/strong><\/p>\n\n\n<div class=\"wp-block-image\">\n<figure class=\"aligncenter size-large\"><img loading=\"lazy\" decoding=\"async\" width=\"721\" height=\"1024\" src=\"https:\/\/tunastore.se\/wp-content\/uploads\/2025\/07\/image-5-721x1024.png\" alt=\"\" class=\"wp-image-1834\" srcset=\"https:\/\/tunastore.se\/wp-content\/uploads\/2025\/07\/image-5-721x1024.png 721w, https:\/\/tunastore.se\/wp-content\/uploads\/2025\/07\/image-5-416x591.png 416w, https:\/\/tunastore.se\/wp-content\/uploads\/2025\/07\/image-5-211x300.png 211w, https:\/\/tunastore.se\/wp-content\/uploads\/2025\/07\/image-5-768x1091.png 768w, https:\/\/tunastore.se\/wp-content\/uploads\/2025\/07\/image-5.png 800w\" sizes=\"auto, (max-width: 721px) 100vw, 721px\" \/><\/figure>\n<\/div>","protected":false},"excerpt":{"rendered":"<p>Storlekar p\u00e5 kl\u00e4der fr\u00e5n CarharttOm du aldrig&nbsp;har&nbsp;best\u00e4llt&nbsp;kl\u00e4der&nbsp;p\u00e5 n\u00e4tet,&nbsp;kan&nbsp;det vara bra att&nbsp;l\u00e4sa detta avsnitt.&nbsp;Kl\u00e4der fr\u00e5n amerikanska&nbsp;Carhartt&nbsp;\u00e4r&nbsp;en aning st\u00f6rre \u00e4n kl\u00e4der som har sitt ursprung i andra l\u00e4nder \u00e4n Nordamerika. Vi har h\u00e4r satt samman&nbsp;n\u00e5gra r\u00e5d&nbsp;som&nbsp;kommer&nbsp;att&nbsp;hj\u00e4lpa&nbsp;dig att avg\u00f6ra&nbsp;r\u00e4tt storlek&nbsp;f\u00f6r&nbsp;dina&nbsp;Carhartt-kl\u00e4der. Storlekar p\u00e5 jackor, tr\u00f6jor, t-shirts och skjortor Till att b\u00f6rja med&nbsp;b\u00f6r du anv\u00e4nda&nbsp;ett&nbsp;m\u00e5ttband&nbsp;och&nbsp;m\u00e4ta&nbsp;omkretsen&nbsp;p\u00e5&nbsp;ditt&nbsp;br\u00f6st.&nbsp;Se till att&nbsp;g\u00e5&nbsp;under&nbsp;armarna&nbsp;och&nbsp;inte \u00f6ver&nbsp;dem om&nbsp;du&nbsp;vill f\u00e5 [&hellip;]<\/p>\n","protected":false},"author":1,"featured_media":0,"parent":0,"menu_order":0,"comment_status":"closed","ping_status":"closed","template":"","meta":{"footnotes":""},"class_list":["post-1828","page","type-page","status-publish","hentry"],"yoast_head":"<!-- This site is optimized with the Yoast SEO plugin v26.5 - https:\/\/yoast.com\/wordpress\/plugins\/seo\/ -->\n<title>Storleksguide - Tunastore<\/title>\n<meta name=\"robots\" content=\"index, follow, max-snippet:-1, max-image-preview:large, max-video-preview:-1\" \/>\n<link rel=\"canonical\" href=\"https:\/\/tunastore.se\/?page_id=1828\" \/>\n<meta property=\"og:locale\" content=\"sv_SE\" \/>\n<meta property=\"og:type\" content=\"article\" \/>\n<meta property=\"og:title\" content=\"Storleksguide - Tunastore\" \/>\n<meta property=\"og:description\" content=\"Storlekar p\u00e5 kl\u00e4der fr\u00e5n CarharttOm du aldrig&nbsp;har&nbsp;best\u00e4llt&nbsp;kl\u00e4der&nbsp;p\u00e5 n\u00e4tet,&nbsp;kan&nbsp;det vara bra att&nbsp;l\u00e4sa detta avsnitt.&nbsp;Kl\u00e4der fr\u00e5n amerikanska&nbsp;Carhartt&nbsp;\u00e4r&nbsp;en aning st\u00f6rre \u00e4n kl\u00e4der som har sitt ursprung i andra l\u00e4nder \u00e4n Nordamerika. Vi har h\u00e4r satt samman&nbsp;n\u00e5gra r\u00e5d&nbsp;som&nbsp;kommer&nbsp;att&nbsp;hj\u00e4lpa&nbsp;dig att avg\u00f6ra&nbsp;r\u00e4tt storlek&nbsp;f\u00f6r&nbsp;dina&nbsp;Carhartt-kl\u00e4der. Storlekar p\u00e5 jackor, tr\u00f6jor, t-shirts och skjortor Till att b\u00f6rja med&nbsp;b\u00f6r du anv\u00e4nda&nbsp;ett&nbsp;m\u00e5ttband&nbsp;och&nbsp;m\u00e4ta&nbsp;omkretsen&nbsp;p\u00e5&nbsp;ditt&nbsp;br\u00f6st.&nbsp;Se till att&nbsp;g\u00e5&nbsp;under&nbsp;armarna&nbsp;och&nbsp;inte \u00f6ver&nbsp;dem om&nbsp;du&nbsp;vill f\u00e5 [&hellip;]\" \/>\n<meta property=\"og:url\" content=\"https:\/\/tunastore.se\/?page_id=1828\" \/>\n<meta property=\"og:site_name\" content=\"Tunastore\" \/>\n<meta property=\"og:image\" content=\"https:\/\/tunastore.se\/wp-content\/uploads\/2025\/07\/image-1-721x1024.png\" \/>\n<meta name=\"twitter:card\" content=\"summary_large_image\" \/>\n<meta name=\"twitter:label1\" content=\"Ber\u00e4knad l\u00e4stid\" \/>\n\t<meta name=\"twitter:data1\" content=\"2 minuter\" \/>\n<script type=\"application\/ld+json\" class=\"yoast-schema-graph\">{\"@context\":\"https:\/\/schema.org\",\"@graph\":[{\"@type\":\"WebPage\",\"@id\":\"https:\/\/tunastore.se\/?page_id=1828\",\"url\":\"https:\/\/tunastore.se\/?page_id=1828\",\"name\":\"Storleksguide - Tunastore\",\"isPartOf\":{\"@id\":\"https:\/\/tunastore.se\/#website\"},\"primaryImageOfPage\":{\"@id\":\"https:\/\/tunastore.se\/?page_id=1828#primaryimage\"},\"image\":{\"@id\":\"https:\/\/tunastore.se\/?page_id=1828#primaryimage\"},\"thumbnailUrl\":\"https:\/\/tunastore.se\/wp-content\/uploads\/2025\/07\/image-1-721x1024.png\",\"datePublished\":\"2025-07-21T19:21:16+00:00\",\"breadcrumb\":{\"@id\":\"https:\/\/tunastore.se\/?page_id=1828#breadcrumb\"},\"inLanguage\":\"sv-SE\",\"potentialAction\":[{\"@type\":\"ReadAction\",\"target\":[\"https:\/\/tunastore.se\/?page_id=1828\"]}]},{\"@type\":\"ImageObject\",\"inLanguage\":\"sv-SE\",\"@id\":\"https:\/\/tunastore.se\/?page_id=1828#primaryimage\",\"url\":\"https:\/\/tunastore.se\/wp-content\/uploads\/2025\/07\/image-1.png\",\"contentUrl\":\"https:\/\/tunastore.se\/wp-content\/uploads\/2025\/07\/image-1.png\",\"width\":800,\"height\":1136},{\"@type\":\"BreadcrumbList\",\"@id\":\"https:\/\/tunastore.se\/?page_id=1828#breadcrumb\",\"itemListElement\":[{\"@type\":\"ListItem\",\"position\":1,\"name\":\"Hem\",\"item\":\"https:\/\/tunastore.se\/\"},{\"@type\":\"ListItem\",\"position\":2,\"name\":\"Storleksguide\"}]},{\"@type\":\"WebSite\",\"@id\":\"https:\/\/tunastore.se\/#website\",\"url\":\"https:\/\/tunastore.se\/\",\"name\":\"Tunastore\",\"description\":\"\",\"publisher\":{\"@id\":\"https:\/\/tunastore.se\/#organization\"},\"potentialAction\":[{\"@type\":\"SearchAction\",\"target\":{\"@type\":\"EntryPoint\",\"urlTemplate\":\"https:\/\/tunastore.se\/?s={search_term_string}\"},\"query-input\":{\"@type\":\"PropertyValueSpecification\",\"valueRequired\":true,\"valueName\":\"search_term_string\"}}],\"inLanguage\":\"sv-SE\"},{\"@type\":\"Organization\",\"@id\":\"https:\/\/tunastore.se\/#organization\",\"name\":\"Tunastore\",\"url\":\"https:\/\/tunastore.se\/\",\"logo\":{\"@type\":\"ImageObject\",\"inLanguage\":\"sv-SE\",\"@id\":\"https:\/\/tunastore.se\/#\/schema\/logo\/image\/\",\"url\":\"https:\/\/tunastore.se\/wp-content\/uploads\/2025\/07\/cropped-tuna_vit.png\",\"contentUrl\":\"https:\/\/tunastore.se\/wp-content\/uploads\/2025\/07\/cropped-tuna_vit.png\",\"width\":426,\"height\":77,\"caption\":\"Tunastore\"},\"image\":{\"@id\":\"https:\/\/tunastore.se\/#\/schema\/logo\/image\/\"}}]}<\/script>\n<!-- \/ Yoast SEO plugin. -->","yoast_head_json":{"title":"Storleksguide - Tunastore","robots":{"index":"index","follow":"follow","max-snippet":"max-snippet:-1","max-image-preview":"max-image-preview:large","max-video-preview":"max-video-preview:-1"},"canonical":"https:\/\/tunastore.se\/?page_id=1828","og_locale":"sv_SE","og_type":"article","og_title":"Storleksguide - Tunastore","og_description":"Storlekar p\u00e5 kl\u00e4der fr\u00e5n CarharttOm du aldrig&nbsp;har&nbsp;best\u00e4llt&nbsp;kl\u00e4der&nbsp;p\u00e5 n\u00e4tet,&nbsp;kan&nbsp;det vara bra att&nbsp;l\u00e4sa detta avsnitt.&nbsp;Kl\u00e4der fr\u00e5n amerikanska&nbsp;Carhartt&nbsp;\u00e4r&nbsp;en aning st\u00f6rre \u00e4n kl\u00e4der som har sitt ursprung i andra l\u00e4nder \u00e4n Nordamerika. Vi har h\u00e4r satt samman&nbsp;n\u00e5gra r\u00e5d&nbsp;som&nbsp;kommer&nbsp;att&nbsp;hj\u00e4lpa&nbsp;dig att avg\u00f6ra&nbsp;r\u00e4tt storlek&nbsp;f\u00f6r&nbsp;dina&nbsp;Carhartt-kl\u00e4der. Storlekar p\u00e5 jackor, tr\u00f6jor, t-shirts och skjortor Till att b\u00f6rja med&nbsp;b\u00f6r du anv\u00e4nda&nbsp;ett&nbsp;m\u00e5ttband&nbsp;och&nbsp;m\u00e4ta&nbsp;omkretsen&nbsp;p\u00e5&nbsp;ditt&nbsp;br\u00f6st.&nbsp;Se till att&nbsp;g\u00e5&nbsp;under&nbsp;armarna&nbsp;och&nbsp;inte \u00f6ver&nbsp;dem om&nbsp;du&nbsp;vill f\u00e5 [&hellip;]","og_url":"https:\/\/tunastore.se\/?page_id=1828","og_site_name":"Tunastore","og_image":[{"url":"https:\/\/tunastore.se\/wp-content\/uploads\/2025\/07\/image-1-721x1024.png","type":"","width":"","height":""}],"twitter_card":"summary_large_image","twitter_misc":{"Ber\u00e4knad l\u00e4stid":"2 minuter"},"schema":{"@context":"https:\/\/schema.org","@graph":[{"@type":"WebPage","@id":"https:\/\/tunastore.se\/?page_id=1828","url":"https:\/\/tunastore.se\/?page_id=1828","name":"Storleksguide - Tunastore","isPartOf":{"@id":"https:\/\/tunastore.se\/#website"},"primaryImageOfPage":{"@id":"https:\/\/tunastore.se\/?page_id=1828#primaryimage"},"image":{"@id":"https:\/\/tunastore.se\/?page_id=1828#primaryimage"},"thumbnailUrl":"https:\/\/tunastore.se\/wp-content\/uploads\/2025\/07\/image-1-721x1024.png","datePublished":"2025-07-21T19:21:16+00:00","breadcrumb":{"@id":"https:\/\/tunastore.se\/?page_id=1828#breadcrumb"},"inLanguage":"sv-SE","potentialAction":[{"@type":"ReadAction","target":["https:\/\/tunastore.se\/?page_id=1828"]}]},{"@type":"ImageObject","inLanguage":"sv-SE","@id":"https:\/\/tunastore.se\/?page_id=1828#primaryimage","url":"https:\/\/tunastore.se\/wp-content\/uploads\/2025\/07\/image-1.png","contentUrl":"https:\/\/tunastore.se\/wp-content\/uploads\/2025\/07\/image-1.png","width":800,"height":1136},{"@type":"BreadcrumbList","@id":"https:\/\/tunastore.se\/?page_id=1828#breadcrumb","itemListElement":[{"@type":"ListItem","position":1,"name":"Hem","item":"https:\/\/tunastore.se\/"},{"@type":"ListItem","position":2,"name":"Storleksguide"}]},{"@type":"WebSite","@id":"https:\/\/tunastore.se\/#website","url":"https:\/\/tunastore.se\/","name":"Tunastore","description":"","publisher":{"@id":"https:\/\/tunastore.se\/#organization"},"potentialAction":[{"@type":"SearchAction","target":{"@type":"EntryPoint","urlTemplate":"https:\/\/tunastore.se\/?s={search_term_string}"},"query-input":{"@type":"PropertyValueSpecification","valueRequired":true,"valueName":"search_term_string"}}],"inLanguage":"sv-SE"},{"@type":"Organization","@id":"https:\/\/tunastore.se\/#organization","name":"Tunastore","url":"https:\/\/tunastore.se\/","logo":{"@type":"ImageObject","inLanguage":"sv-SE","@id":"https:\/\/tunastore.se\/#\/schema\/logo\/image\/","url":"https:\/\/tunastore.se\/wp-content\/uploads\/2025\/07\/cropped-tuna_vit.png","contentUrl":"https:\/\/tunastore.se\/wp-content\/uploads\/2025\/07\/cropped-tuna_vit.png","width":426,"height":77,"caption":"Tunastore"},"image":{"@id":"https:\/\/tunastore.se\/#\/schema\/logo\/image\/"}}]}},"_links":{"self":[{"href":"https:\/\/tunastore.se\/index.php?rest_route=\/wp\/v2\/pages\/1828","targetHints":{"allow":["GET"]}}],"collection":[{"href":"https:\/\/tunastore.se\/index.php?rest_route=\/wp\/v2\/pages"}],"about":[{"href":"https:\/\/tunastore.se\/index.php?rest_route=\/wp\/v2\/types\/page"}],"author":[{"embeddable":true,"href":"https:\/\/tunastore.se\/index.php?rest_route=\/wp\/v2\/users\/1"}],"replies":[{"embeddable":true,"href":"https:\/\/tunastore.se\/index.php?rest_route=%2Fwp%2Fv2%2Fcomments&post=1828"}],"version-history":[{"count":1,"href":"https:\/\/tunastore.se\/index.php?rest_route=\/wp\/v2\/pages\/1828\/revisions"}],"predecessor-version":[{"id":1835,"href":"https:\/\/tunastore.se\/index.php?rest_route=\/wp\/v2\/pages\/1828\/revisions\/1835"}],"wp:attachment":[{"href":"https:\/\/tunastore.se\/index.php?rest_route=%2Fwp%2Fv2%2Fmedia&parent=1828"}],"curies":[{"name":"wp","href":"https:\/\/api.w.org\/{rel}","templated":true}]}}