{"id":1017,"date":"2025-07-11T16:50:44","date_gmt":"2025-07-11T14:50:44","guid":{"rendered":"https:\/\/tunastore.se\/?product=carhartt-clarksburg-pullover-sweat-dam-huvtroja-svart"},"modified":"2025-10-05T20:33:28","modified_gmt":"2025-10-05T18:33:28","slug":"carhartt-clarksburg-pullover-sweat-dam-huvtroja-svart","status":"publish","type":"product","link":"https:\/\/tunastore.se\/?product=carhartt-clarksburg-pullover-sweat-dam-huvtroja-svart","title":{"rendered":"CARHARTT CLARKSBURG PULLOVER SWEAT DAM HUVTR\u00d6JA SVART"},"content":{"rendered":"<p>\u2022 Relaxed fit<br \/>\n\u2022 Tv\u00e5 framfickor<br \/>\n\u2022 Muddar i midja och \u00e4rmar<br \/>\n\u2022 P\u00e5sydd Carhartt-m\u00e4rke p\u00e5 v\u00e4nster framficka<\/p>\n<p>Material:<br \/>\n356g, 55% bomull\/45% polyester<\/p>\n","protected":false},"excerpt":{"rendered":"<p>\u2022 Relaxed fit \u2022 Tv\u00e5 framfickor \u2022 Muddar i midja och \u00e4rmar \u2022 P\u00e5sydd Carhartt-m\u00e4rke p\u00e5 v\u00e4nster framficka Material: 356g, 55% bomull\/45% polyester<\/p>\n","protected":false},"featured_media":1016,"template":"","meta":[],"product_brand":[],"product_cat":[32,19],"product_tag":[],"class_list":{"0":"post-1017","1":"product","2":"type-product","3":"status-publish","4":"has-post-thumbnail","6":"product_cat-carhartt-dam","7":"product_cat-nyheter","9":"first","10":"instock","11":"sale","12":"featured","13":"shipping-taxable","14":"purchasable","15":"product-type-variable"},"yoast_head":"<!-- This site is optimized with the Yoast SEO plugin v26.5 - https:\/\/yoast.com\/wordpress\/plugins\/seo\/ -->\n<title>CARHARTT CLARKSBURG PULLOVER SWEAT DAM HUVTR\u00d6JA SVART - Tunastore<\/title>\n<meta name=\"robots\" content=\"index, follow, max-snippet:-1, max-image-preview:large, max-video-preview:-1\" \/>\n<link rel=\"canonical\" href=\"https:\/\/utv.tunastore.se\/?product=carhartt-clarksburg-pullover-sweat-dam-huvtroja-svart\" \/>\n<meta property=\"og:locale\" content=\"sv_SE\" \/>\n<meta property=\"og:type\" content=\"article\" \/>\n<meta property=\"og:title\" content=\"CARHARTT CLARKSBURG PULLOVER SWEAT DAM HUVTR\u00d6JA SVART - Tunastore\" \/>\n<meta property=\"og:description\" content=\"\u2022 Relaxed fit \u2022 Tv\u00e5 framfickor \u2022 Muddar i midja och \u00e4rmar \u2022 P\u00e5sydd Carhartt-m\u00e4rke p\u00e5 v\u00e4nster framficka Material: 356g, 55% bomull\/45% polyester\" \/>\n<meta property=\"og:url\" content=\"https:\/\/utv.tunastore.se\/?product=carhartt-clarksburg-pullover-sweat-dam-huvtroja-svart\" \/>\n<meta property=\"og:site_name\" content=\"Tunastore\" \/>\n<meta property=\"article:modified_time\" content=\"2025-10-05T18:33:28+00:00\" \/>\n<meta property=\"og:image\" content=\"https:\/\/utv.tunastore.se\/wp-content\/uploads\/2025\/07\/170659131-origpic-c65f04.jpg\" \/>\n\t<meta property=\"og:image:width\" content=\"1181\" \/>\n\t<meta property=\"og:image:height\" content=\"1181\" \/>\n\t<meta property=\"og:image:type\" content=\"image\/jpeg\" \/>\n<meta name=\"twitter:card\" content=\"summary_large_image\" \/>\n<meta name=\"twitter:label1\" content=\"Ber\u00e4knad l\u00e4stid\" \/>\n\t<meta name=\"twitter:data1\" content=\"1 minut\" \/>\n<script type=\"application\/ld+json\" class=\"yoast-schema-graph\">{\"@context\":\"https:\/\/schema.org\",\"@graph\":[{\"@type\":\"WebPage\",\"@id\":\"https:\/\/utv.tunastore.se\/?product=carhartt-clarksburg-pullover-sweat-dam-huvtroja-svart\",\"url\":\"https:\/\/utv.tunastore.se\/?product=carhartt-clarksburg-pullover-sweat-dam-huvtroja-svart\",\"name\":\"CARHARTT CLARKSBURG PULLOVER SWEAT DAM HUVTR\u00d6JA SVART - Tunastore\",\"isPartOf\":{\"@id\":\"https:\/\/utv.tunastore.se\/#website\"},\"primaryImageOfPage\":{\"@id\":\"https:\/\/utv.tunastore.se\/?product=carhartt-clarksburg-pullover-sweat-dam-huvtroja-svart#primaryimage\"},\"image\":{\"@id\":\"https:\/\/utv.tunastore.se\/?product=carhartt-clarksburg-pullover-sweat-dam-huvtroja-svart#primaryimage\"},\"thumbnailUrl\":\"https:\/\/tunastore.se\/wp-content\/uploads\/2025\/07\/170659131-origpic-c65f04.jpg\",\"datePublished\":\"2025-07-11T14:50:44+00:00\",\"dateModified\":\"2025-10-05T18:33:28+00:00\",\"breadcrumb\":{\"@id\":\"https:\/\/utv.tunastore.se\/?product=carhartt-clarksburg-pullover-sweat-dam-huvtroja-svart#breadcrumb\"},\"inLanguage\":\"sv-SE\",\"potentialAction\":[{\"@type\":\"ReadAction\",\"target\":[\"https:\/\/utv.tunastore.se\/?product=carhartt-clarksburg-pullover-sweat-dam-huvtroja-svart\"]}]},{\"@type\":\"ImageObject\",\"inLanguage\":\"sv-SE\",\"@id\":\"https:\/\/utv.tunastore.se\/?product=carhartt-clarksburg-pullover-sweat-dam-huvtroja-svart#primaryimage\",\"url\":\"https:\/\/tunastore.se\/wp-content\/uploads\/2025\/07\/170659131-origpic-c65f04.jpg\",\"contentUrl\":\"https:\/\/tunastore.se\/wp-content\/uploads\/2025\/07\/170659131-origpic-c65f04.jpg\",\"width\":1181,\"height\":1181},{\"@type\":\"BreadcrumbList\",\"@id\":\"https:\/\/utv.tunastore.se\/?product=carhartt-clarksburg-pullover-sweat-dam-huvtroja-svart#breadcrumb\",\"itemListElement\":[{\"@type\":\"ListItem\",\"position\":1,\"name\":\"Hem\",\"item\":\"https:\/\/utv.tunastore.se\/\"},{\"@type\":\"ListItem\",\"position\":2,\"name\":\"Shop\",\"item\":\"https:\/\/utv.tunastore.se\/?page_id=5\"},{\"@type\":\"ListItem\",\"position\":3,\"name\":\"CARHARTT CLARKSBURG PULLOVER SWEAT DAM HUVTR\u00d6JA SVART\"}]},{\"@type\":\"WebSite\",\"@id\":\"https:\/\/utv.tunastore.se\/#website\",\"url\":\"https:\/\/utv.tunastore.se\/\",\"name\":\"Tunastore\",\"description\":\"\",\"publisher\":{\"@id\":\"https:\/\/utv.tunastore.se\/#organization\"},\"potentialAction\":[{\"@type\":\"SearchAction\",\"target\":{\"@type\":\"EntryPoint\",\"urlTemplate\":\"https:\/\/utv.tunastore.se\/?s={search_term_string}\"},\"query-input\":{\"@type\":\"PropertyValueSpecification\",\"valueRequired\":true,\"valueName\":\"search_term_string\"}}],\"inLanguage\":\"sv-SE\"},{\"@type\":\"Organization\",\"@id\":\"https:\/\/utv.tunastore.se\/#organization\",\"name\":\"Tunastore\",\"url\":\"https:\/\/utv.tunastore.se\/\",\"logo\":{\"@type\":\"ImageObject\",\"inLanguage\":\"sv-SE\",\"@id\":\"https:\/\/utv.tunastore.se\/#\/schema\/logo\/image\/\",\"url\":\"https:\/\/tunastore.se\/wp-content\/uploads\/2025\/07\/cropped-tuna_vit.png\",\"contentUrl\":\"https:\/\/tunastore.se\/wp-content\/uploads\/2025\/07\/cropped-tuna_vit.png\",\"width\":426,\"height\":77,\"caption\":\"Tunastore\"},\"image\":{\"@id\":\"https:\/\/utv.tunastore.se\/#\/schema\/logo\/image\/\"}}]}<\/script>\n<!-- \/ Yoast SEO plugin. -->","yoast_head_json":{"title":"CARHARTT CLARKSBURG PULLOVER SWEAT DAM HUVTR\u00d6JA SVART - Tunastore","robots":{"index":"index","follow":"follow","max-snippet":"max-snippet:-1","max-image-preview":"max-image-preview:large","max-video-preview":"max-video-preview:-1"},"canonical":"https:\/\/utv.tunastore.se\/?product=carhartt-clarksburg-pullover-sweat-dam-huvtroja-svart","og_locale":"sv_SE","og_type":"article","og_title":"CARHARTT CLARKSBURG PULLOVER SWEAT DAM HUVTR\u00d6JA SVART - Tunastore","og_description":"\u2022 Relaxed fit \u2022 Tv\u00e5 framfickor \u2022 Muddar i midja och \u00e4rmar \u2022 P\u00e5sydd Carhartt-m\u00e4rke p\u00e5 v\u00e4nster framficka Material: 356g, 55% bomull\/45% polyester","og_url":"https:\/\/utv.tunastore.se\/?product=carhartt-clarksburg-pullover-sweat-dam-huvtroja-svart","og_site_name":"Tunastore","article_modified_time":"2025-10-05T18:33:28+00:00","og_image":[{"width":1181,"height":1181,"url":"https:\/\/utv.tunastore.se\/wp-content\/uploads\/2025\/07\/170659131-origpic-c65f04.jpg","type":"image\/jpeg"}],"twitter_card":"summary_large_image","twitter_misc":{"Ber\u00e4knad l\u00e4stid":"1 minut"},"schema":{"@context":"https:\/\/schema.org","@graph":[{"@type":"WebPage","@id":"https:\/\/utv.tunastore.se\/?product=carhartt-clarksburg-pullover-sweat-dam-huvtroja-svart","url":"https:\/\/utv.tunastore.se\/?product=carhartt-clarksburg-pullover-sweat-dam-huvtroja-svart","name":"CARHARTT CLARKSBURG PULLOVER SWEAT DAM HUVTR\u00d6JA SVART - Tunastore","isPartOf":{"@id":"https:\/\/utv.tunastore.se\/#website"},"primaryImageOfPage":{"@id":"https:\/\/utv.tunastore.se\/?product=carhartt-clarksburg-pullover-sweat-dam-huvtroja-svart#primaryimage"},"image":{"@id":"https:\/\/utv.tunastore.se\/?product=carhartt-clarksburg-pullover-sweat-dam-huvtroja-svart#primaryimage"},"thumbnailUrl":"https:\/\/tunastore.se\/wp-content\/uploads\/2025\/07\/170659131-origpic-c65f04.jpg","datePublished":"2025-07-11T14:50:44+00:00","dateModified":"2025-10-05T18:33:28+00:00","breadcrumb":{"@id":"https:\/\/utv.tunastore.se\/?product=carhartt-clarksburg-pullover-sweat-dam-huvtroja-svart#breadcrumb"},"inLanguage":"sv-SE","potentialAction":[{"@type":"ReadAction","target":["https:\/\/utv.tunastore.se\/?product=carhartt-clarksburg-pullover-sweat-dam-huvtroja-svart"]}]},{"@type":"ImageObject","inLanguage":"sv-SE","@id":"https:\/\/utv.tunastore.se\/?product=carhartt-clarksburg-pullover-sweat-dam-huvtroja-svart#primaryimage","url":"https:\/\/tunastore.se\/wp-content\/uploads\/2025\/07\/170659131-origpic-c65f04.jpg","contentUrl":"https:\/\/tunastore.se\/wp-content\/uploads\/2025\/07\/170659131-origpic-c65f04.jpg","width":1181,"height":1181},{"@type":"BreadcrumbList","@id":"https:\/\/utv.tunastore.se\/?product=carhartt-clarksburg-pullover-sweat-dam-huvtroja-svart#breadcrumb","itemListElement":[{"@type":"ListItem","position":1,"name":"Hem","item":"https:\/\/utv.tunastore.se\/"},{"@type":"ListItem","position":2,"name":"Shop","item":"https:\/\/utv.tunastore.se\/?page_id=5"},{"@type":"ListItem","position":3,"name":"CARHARTT CLARKSBURG PULLOVER SWEAT DAM HUVTR\u00d6JA SVART"}]},{"@type":"WebSite","@id":"https:\/\/utv.tunastore.se\/#website","url":"https:\/\/utv.tunastore.se\/","name":"Tunastore","description":"","publisher":{"@id":"https:\/\/utv.tunastore.se\/#organization"},"potentialAction":[{"@type":"SearchAction","target":{"@type":"EntryPoint","urlTemplate":"https:\/\/utv.tunastore.se\/?s={search_term_string}"},"query-input":{"@type":"PropertyValueSpecification","valueRequired":true,"valueName":"search_term_string"}}],"inLanguage":"sv-SE"},{"@type":"Organization","@id":"https:\/\/utv.tunastore.se\/#organization","name":"Tunastore","url":"https:\/\/utv.tunastore.se\/","logo":{"@type":"ImageObject","inLanguage":"sv-SE","@id":"https:\/\/utv.tunastore.se\/#\/schema\/logo\/image\/","url":"https:\/\/tunastore.se\/wp-content\/uploads\/2025\/07\/cropped-tuna_vit.png","contentUrl":"https:\/\/tunastore.se\/wp-content\/uploads\/2025\/07\/cropped-tuna_vit.png","width":426,"height":77,"caption":"Tunastore"},"image":{"@id":"https:\/\/utv.tunastore.se\/#\/schema\/logo\/image\/"}}]}},"_links":{"self":[{"href":"https:\/\/tunastore.se\/index.php?rest_route=\/wp\/v2\/product\/1017","targetHints":{"allow":["GET"]}}],"collection":[{"href":"https:\/\/tunastore.se\/index.php?rest_route=\/wp\/v2\/product"}],"about":[{"href":"https:\/\/tunastore.se\/index.php?rest_route=\/wp\/v2\/types\/product"}],"wp:featuredmedia":[{"embeddable":true,"href":"https:\/\/tunastore.se\/index.php?rest_route=\/wp\/v2\/media\/1016"}],"wp:attachment":[{"href":"https:\/\/tunastore.se\/index.php?rest_route=%2Fwp%2Fv2%2Fmedia&parent=1017"}],"wp:term":[{"taxonomy":"product_brand","embeddable":true,"href":"https:\/\/tunastore.se\/index.php?rest_route=%2Fwp%2Fv2%2Fproduct_brand&post=1017"},{"taxonomy":"product_cat","embeddable":true,"href":"https:\/\/tunastore.se\/index.php?rest_route=%2Fwp%2Fv2%2Fproduct_cat&post=1017"},{"taxonomy":"product_tag","embeddable":true,"href":"https:\/\/tunastore.se\/index.php?rest_route=%2Fwp%2Fv2%2Fproduct_tag&post=1017"}],"curies":[{"name":"wp","href":"https:\/\/api.w.org\/{rel}","templated":true}]}}