{"id":792,"date":"2025-07-11T16:19:38","date_gmt":"2025-07-11T14:19:38","guid":{"rendered":"https:\/\/tunastore.se\/?product=carhartt-trumbull-slim-fit-flanellskjorta-brun"},"modified":"2025-10-05T20:33:17","modified_gmt":"2025-10-05T18:33:17","slug":"carhartt-trumbull-slim-fit-flanellskjorta-brun","status":"publish","type":"product","link":"https:\/\/tunastore.se\/?product=carhartt-trumbull-slim-fit-flanellskjorta-brun","title":{"rendered":"Carhartt Trumbull Slim Fit flanellskjorta Brun"},"content":{"rendered":"<p>\u2022 L\u00e5ng\u00e4rmad mjuk flanellskjorta<br \/>\n\u2022 Tv\u00e4ttat tyg f\u00f6r att ge en mjuk kvalitet och minskad storleksf\u00f6rlust<br \/>\n\u2022 Tv\u00e5 br\u00f6stfickor med st\u00e4ngning<br \/>\n\u2022 Trippels\u00f6m<br \/>\n\u2022 Maskintv\u00e4ttar<br \/>\n\u2022 H\u00e5llare f\u00f6r penna p\u00e5 v\u00e4nster br\u00f6stficka<\/p>\n<p>Material:<br \/>\n186g, 100% ringspunnen Bomullsflanell<\/p>\n","protected":false},"excerpt":{"rendered":"<p>\u2022 L\u00e5ng\u00e4rmad mjuk flanellskjorta \u2022 Tv\u00e4ttat tyg f\u00f6r att ge en mjuk kvalitet och minskad storleksf\u00f6rlust \u2022 Tv\u00e5 br\u00f6stfickor med st\u00e4ngning \u2022 Trippels\u00f6m \u2022 Maskintv\u00e4ttar \u2022 H\u00e5llare f\u00f6r penna p\u00e5 v\u00e4nster br\u00f6stficka Material: 186g, 100% ringspunnen Bomullsflanell<\/p>\n","protected":false},"featured_media":791,"template":"","meta":[],"product_brand":[],"product_cat":[23,28,26],"product_tag":[],"class_list":{"0":"post-792","1":"product","2":"type-product","3":"status-publish","4":"has-post-thumbnail","6":"product_cat-herrar","7":"product_cat-overdelar","8":"product_cat-skjortor","10":"first","11":"instock","12":"sale","13":"featured","14":"shipping-taxable","15":"purchasable","16":"product-type-variable"},"yoast_head":"<!-- This site is optimized with the Yoast SEO plugin v26.5 - https:\/\/yoast.com\/wordpress\/plugins\/seo\/ -->\n<title>Carhartt Trumbull Slim Fit flanellskjorta Brun - Tunastore<\/title>\n<meta name=\"robots\" content=\"index, follow, max-snippet:-1, max-image-preview:large, max-video-preview:-1\" \/>\n<link rel=\"canonical\" href=\"https:\/\/tunastore.se\/?product=carhartt-trumbull-slim-fit-flanellskjorta-brun\" \/>\n<meta property=\"og:locale\" content=\"sv_SE\" \/>\n<meta property=\"og:type\" content=\"article\" \/>\n<meta property=\"og:title\" content=\"Carhartt Trumbull Slim Fit flanellskjorta Brun - Tunastore\" \/>\n<meta property=\"og:description\" content=\"\u2022 L\u00e5ng\u00e4rmad mjuk flanellskjorta \u2022 Tv\u00e4ttat tyg f\u00f6r att ge en mjuk kvalitet och minskad storleksf\u00f6rlust \u2022 Tv\u00e5 br\u00f6stfickor med st\u00e4ngning \u2022 Trippels\u00f6m \u2022 Maskintv\u00e4ttar \u2022 H\u00e5llare f\u00f6r penna p\u00e5 v\u00e4nster br\u00f6stficka Material: 186g, 100% ringspunnen Bomullsflanell\" \/>\n<meta property=\"og:url\" content=\"https:\/\/tunastore.se\/?product=carhartt-trumbull-slim-fit-flanellskjorta-brun\" \/>\n<meta property=\"og:site_name\" content=\"Tunastore\" \/>\n<meta property=\"article:modified_time\" content=\"2025-10-05T18:33:17+00:00\" \/>\n<meta property=\"og:image\" content=\"https:\/\/tunastore.se\/wp-content\/uploads\/2025\/07\/83471589-origpic-c88862.jpg\" \/>\n\t<meta property=\"og:image:width\" content=\"1024\" \/>\n\t<meta property=\"og:image:height\" content=\"1024\" \/>\n\t<meta property=\"og:image:type\" content=\"image\/jpeg\" \/>\n<meta name=\"twitter:card\" content=\"summary_large_image\" \/>\n<meta name=\"twitter:label1\" content=\"Ber\u00e4knad l\u00e4stid\" \/>\n\t<meta name=\"twitter:data1\" content=\"1 minut\" \/>\n<script type=\"application\/ld+json\" class=\"yoast-schema-graph\">{\"@context\":\"https:\/\/schema.org\",\"@graph\":[{\"@type\":\"WebPage\",\"@id\":\"https:\/\/tunastore.se\/?product=carhartt-trumbull-slim-fit-flanellskjorta-brun\",\"url\":\"https:\/\/tunastore.se\/?product=carhartt-trumbull-slim-fit-flanellskjorta-brun\",\"name\":\"Carhartt Trumbull Slim Fit flanellskjorta Brun - Tunastore\",\"isPartOf\":{\"@id\":\"https:\/\/utv.tunastore.se\/#website\"},\"primaryImageOfPage\":{\"@id\":\"https:\/\/tunastore.se\/?product=carhartt-trumbull-slim-fit-flanellskjorta-brun#primaryimage\"},\"image\":{\"@id\":\"https:\/\/tunastore.se\/?product=carhartt-trumbull-slim-fit-flanellskjorta-brun#primaryimage\"},\"thumbnailUrl\":\"https:\/\/tunastore.se\/wp-content\/uploads\/2025\/07\/83471589-origpic-c88862.jpg\",\"datePublished\":\"2025-07-11T14:19:38+00:00\",\"dateModified\":\"2025-10-05T18:33:17+00:00\",\"breadcrumb\":{\"@id\":\"https:\/\/tunastore.se\/?product=carhartt-trumbull-slim-fit-flanellskjorta-brun#breadcrumb\"},\"inLanguage\":\"sv-SE\",\"potentialAction\":[{\"@type\":\"ReadAction\",\"target\":[\"https:\/\/tunastore.se\/?product=carhartt-trumbull-slim-fit-flanellskjorta-brun\"]}]},{\"@type\":\"ImageObject\",\"inLanguage\":\"sv-SE\",\"@id\":\"https:\/\/tunastore.se\/?product=carhartt-trumbull-slim-fit-flanellskjorta-brun#primaryimage\",\"url\":\"https:\/\/tunastore.se\/wp-content\/uploads\/2025\/07\/83471589-origpic-c88862.jpg\",\"contentUrl\":\"https:\/\/tunastore.se\/wp-content\/uploads\/2025\/07\/83471589-origpic-c88862.jpg\",\"width\":1024,\"height\":1024},{\"@type\":\"BreadcrumbList\",\"@id\":\"https:\/\/tunastore.se\/?product=carhartt-trumbull-slim-fit-flanellskjorta-brun#breadcrumb\",\"itemListElement\":[{\"@type\":\"ListItem\",\"position\":1,\"name\":\"Hem\",\"item\":\"https:\/\/utv.tunastore.se\/\"},{\"@type\":\"ListItem\",\"position\":2,\"name\":\"Shop\",\"item\":\"https:\/\/utv.tunastore.se\/?page_id=5\"},{\"@type\":\"ListItem\",\"position\":3,\"name\":\"Carhartt Trumbull Slim Fit flanellskjorta Brun\"}]},{\"@type\":\"WebSite\",\"@id\":\"https:\/\/utv.tunastore.se\/#website\",\"url\":\"https:\/\/utv.tunastore.se\/\",\"name\":\"Tunastore\",\"description\":\"\",\"publisher\":{\"@id\":\"https:\/\/utv.tunastore.se\/#organization\"},\"potentialAction\":[{\"@type\":\"SearchAction\",\"target\":{\"@type\":\"EntryPoint\",\"urlTemplate\":\"https:\/\/utv.tunastore.se\/?s={search_term_string}\"},\"query-input\":{\"@type\":\"PropertyValueSpecification\",\"valueRequired\":true,\"valueName\":\"search_term_string\"}}],\"inLanguage\":\"sv-SE\"},{\"@type\":\"Organization\",\"@id\":\"https:\/\/utv.tunastore.se\/#organization\",\"name\":\"Tunastore\",\"url\":\"https:\/\/utv.tunastore.se\/\",\"logo\":{\"@type\":\"ImageObject\",\"inLanguage\":\"sv-SE\",\"@id\":\"https:\/\/utv.tunastore.se\/#\/schema\/logo\/image\/\",\"url\":\"https:\/\/tunastore.se\/wp-content\/uploads\/2025\/07\/cropped-tuna_vit.png\",\"contentUrl\":\"https:\/\/tunastore.se\/wp-content\/uploads\/2025\/07\/cropped-tuna_vit.png\",\"width\":426,\"height\":77,\"caption\":\"Tunastore\"},\"image\":{\"@id\":\"https:\/\/utv.tunastore.se\/#\/schema\/logo\/image\/\"}}]}<\/script>\n<!-- \/ Yoast SEO plugin. -->","yoast_head_json":{"title":"Carhartt Trumbull Slim Fit flanellskjorta Brun - Tunastore","robots":{"index":"index","follow":"follow","max-snippet":"max-snippet:-1","max-image-preview":"max-image-preview:large","max-video-preview":"max-video-preview:-1"},"canonical":"https:\/\/tunastore.se\/?product=carhartt-trumbull-slim-fit-flanellskjorta-brun","og_locale":"sv_SE","og_type":"article","og_title":"Carhartt Trumbull Slim Fit flanellskjorta Brun - Tunastore","og_description":"\u2022 L\u00e5ng\u00e4rmad mjuk flanellskjorta \u2022 Tv\u00e4ttat tyg f\u00f6r att ge en mjuk kvalitet och minskad storleksf\u00f6rlust \u2022 Tv\u00e5 br\u00f6stfickor med st\u00e4ngning \u2022 Trippels\u00f6m \u2022 Maskintv\u00e4ttar \u2022 H\u00e5llare f\u00f6r penna p\u00e5 v\u00e4nster br\u00f6stficka Material: 186g, 100% ringspunnen Bomullsflanell","og_url":"https:\/\/tunastore.se\/?product=carhartt-trumbull-slim-fit-flanellskjorta-brun","og_site_name":"Tunastore","article_modified_time":"2025-10-05T18:33:17+00:00","og_image":[{"width":1024,"height":1024,"url":"https:\/\/tunastore.se\/wp-content\/uploads\/2025\/07\/83471589-origpic-c88862.jpg","type":"image\/jpeg"}],"twitter_card":"summary_large_image","twitter_misc":{"Ber\u00e4knad l\u00e4stid":"1 minut"},"schema":{"@context":"https:\/\/schema.org","@graph":[{"@type":"WebPage","@id":"https:\/\/tunastore.se\/?product=carhartt-trumbull-slim-fit-flanellskjorta-brun","url":"https:\/\/tunastore.se\/?product=carhartt-trumbull-slim-fit-flanellskjorta-brun","name":"Carhartt Trumbull Slim Fit flanellskjorta Brun - Tunastore","isPartOf":{"@id":"https:\/\/utv.tunastore.se\/#website"},"primaryImageOfPage":{"@id":"https:\/\/tunastore.se\/?product=carhartt-trumbull-slim-fit-flanellskjorta-brun#primaryimage"},"image":{"@id":"https:\/\/tunastore.se\/?product=carhartt-trumbull-slim-fit-flanellskjorta-brun#primaryimage"},"thumbnailUrl":"https:\/\/tunastore.se\/wp-content\/uploads\/2025\/07\/83471589-origpic-c88862.jpg","datePublished":"2025-07-11T14:19:38+00:00","dateModified":"2025-10-05T18:33:17+00:00","breadcrumb":{"@id":"https:\/\/tunastore.se\/?product=carhartt-trumbull-slim-fit-flanellskjorta-brun#breadcrumb"},"inLanguage":"sv-SE","potentialAction":[{"@type":"ReadAction","target":["https:\/\/tunastore.se\/?product=carhartt-trumbull-slim-fit-flanellskjorta-brun"]}]},{"@type":"ImageObject","inLanguage":"sv-SE","@id":"https:\/\/tunastore.se\/?product=carhartt-trumbull-slim-fit-flanellskjorta-brun#primaryimage","url":"https:\/\/tunastore.se\/wp-content\/uploads\/2025\/07\/83471589-origpic-c88862.jpg","contentUrl":"https:\/\/tunastore.se\/wp-content\/uploads\/2025\/07\/83471589-origpic-c88862.jpg","width":1024,"height":1024},{"@type":"BreadcrumbList","@id":"https:\/\/tunastore.se\/?product=carhartt-trumbull-slim-fit-flanellskjorta-brun#breadcrumb","itemListElement":[{"@type":"ListItem","position":1,"name":"Hem","item":"https:\/\/utv.tunastore.se\/"},{"@type":"ListItem","position":2,"name":"Shop","item":"https:\/\/utv.tunastore.se\/?page_id=5"},{"@type":"ListItem","position":3,"name":"Carhartt Trumbull Slim Fit flanellskjorta Brun"}]},{"@type":"WebSite","@id":"https:\/\/utv.tunastore.se\/#website","url":"https:\/\/utv.tunastore.se\/","name":"Tunastore","description":"","publisher":{"@id":"https:\/\/utv.tunastore.se\/#organization"},"potentialAction":[{"@type":"SearchAction","target":{"@type":"EntryPoint","urlTemplate":"https:\/\/utv.tunastore.se\/?s={search_term_string}"},"query-input":{"@type":"PropertyValueSpecification","valueRequired":true,"valueName":"search_term_string"}}],"inLanguage":"sv-SE"},{"@type":"Organization","@id":"https:\/\/utv.tunastore.se\/#organization","name":"Tunastore","url":"https:\/\/utv.tunastore.se\/","logo":{"@type":"ImageObject","inLanguage":"sv-SE","@id":"https:\/\/utv.tunastore.se\/#\/schema\/logo\/image\/","url":"https:\/\/tunastore.se\/wp-content\/uploads\/2025\/07\/cropped-tuna_vit.png","contentUrl":"https:\/\/tunastore.se\/wp-content\/uploads\/2025\/07\/cropped-tuna_vit.png","width":426,"height":77,"caption":"Tunastore"},"image":{"@id":"https:\/\/utv.tunastore.se\/#\/schema\/logo\/image\/"}}]}},"_links":{"self":[{"href":"https:\/\/tunastore.se\/index.php?rest_route=\/wp\/v2\/product\/792","targetHints":{"allow":["GET"]}}],"collection":[{"href":"https:\/\/tunastore.se\/index.php?rest_route=\/wp\/v2\/product"}],"about":[{"href":"https:\/\/tunastore.se\/index.php?rest_route=\/wp\/v2\/types\/product"}],"wp:featuredmedia":[{"embeddable":true,"href":"https:\/\/tunastore.se\/index.php?rest_route=\/wp\/v2\/media\/791"}],"wp:attachment":[{"href":"https:\/\/tunastore.se\/index.php?rest_route=%2Fwp%2Fv2%2Fmedia&parent=792"}],"wp:term":[{"taxonomy":"product_brand","embeddable":true,"href":"https:\/\/tunastore.se\/index.php?rest_route=%2Fwp%2Fv2%2Fproduct_brand&post=792"},{"taxonomy":"product_cat","embeddable":true,"href":"https:\/\/tunastore.se\/index.php?rest_route=%2Fwp%2Fv2%2Fproduct_cat&post=792"},{"taxonomy":"product_tag","embeddable":true,"href":"https:\/\/tunastore.se\/index.php?rest_route=%2Fwp%2Fv2%2Fproduct_tag&post=792"}],"curies":[{"name":"wp","href":"https:\/\/api.w.org\/{rel}","templated":true}]}}